273952 is divided by 4215.
4192
Calculate the remainder when 42172211 is divided by 2480718.
5
Calculate the remainder when 4510700 is divided by 923.
922
Calculate the remainder when 34036 is divided by 661.
325
What is the remainder when 31608965 is divided by 224177?
8
What is the remainder when 1925791 is divided by 352?
351
What is the remainder when 184323 is divided by 7679?
27
Calculate the remainder when 174096 is divided by 24793.
545
What is the remainder when 34982928 is divided by 1713?
42
What is the remainder when 132084825 is divided by 1057?
1048
What is the remainder when 1131645 is divided by 19508?
181
Calculate the remainder when 797593 is divided by 7669.
17
What is the remainder when 35624 is divided by 989?
20
What is the remainder when 9088815 is divided by 143?
21
What is the remainder when 70667173 is divided by 3365103?
10
What is the remainder when 248163 is divided by 248128?
35
Calculate the remainder when 850965 is divided by 150.
15
What is the remainder when 2827295237 is divided by 920?
917
What is the remainder when 2319152 is divided by 57?
50
Calculate the remainder when 20219 is divided by 706.
451
Calculate the remainder when 59910653 is divided by 14977663.
1
Calculate the remainder when 1161307 is divided by 11728.
235
What is the remainder when 16018659 is divided by 20?
19
What is the remainder when 7077872 is divided by 576?
560
What is the remainder when 6526892 is divided by 3263363?
166
Calculate the remainder when 26241 is divided by 80.
1
Calculate the remainder when 314363 is divided by 647.
568
Calculate the remainder when 966512 is divided by 924.
8
What is the remainder when 455689 is divided by 113917?
21
What is the remainder when 513652598 is divided by 40?
38
Calculate the remainder when 2603813 is divided by 52.
17
What is the remainder when 44686 is divided by 14650?
736
Calculate the remainder when 1798566 is divided by 6159.
138
Calculate the remainder when 32337 is divided by 31799.
538
What is the remainder when 116128760 is divided by 162191?
4
What is the remainder when 93347850 is divided by 291?
288
What is the remainder when 147259 is divided by 564?
55
Calculate the remainder when 123690 is divided by 15297.
1314
What is the remainder when 1298564956 is divided by 385?
381
What is the remainder when 86714791 is divided by 21678688?
39
What is the remainder when 1575997 is divided by 196998?
13
Calculate the remainder when 13550841 is divided by 6775404.
33
What is the remainder when 593003 is divided by 185?
78
What is the remainder when 4364546 is divided by 50?
46
Calculate the remainder when 815278 is divided by 58222.
170
What is the remainder when 8401085 is divided by 509?
40
What is the remainder when 2711568 is divided by 29?
10
What is the remainder when 2971821 is divided by 143?
138
Calculate the remainder when 1255617 is divided by 5391.
4905
Calculate the remainder when 281110 is divided by 31.
2
Calculate the remainder when 480309 is divided by 53366.
15
What is the remainder when 137180161 is divided by 14?
13
What is the remainder when 160540406 is divided by 94?
62
Calculate the remainder when 1641010 is divided by 377.
306
Calculate the remainder when 462559144 is divided by 132.
124
Calculate the remainder when 133181799 is divided by 78.
75
Calculate the remainder when 1018503 is divided by 21670.
13
Calculate the remainder when 48857285 is divided by 63451.
15
Calculate the remainder when 2769666 is divided by 14732.
50
Calculate the remainder when 418673 is divided by 209097.
479
What is the remainder when 57675284 is divided by 13831?
14
Calculate the remainder when 29468 is divided by 13941.
1586
Calculate the remainder when 117524202 is divided by 92.
90
What is the remainder when 222627 is divided by 6014?
109
Calculate the remainder when 13215 is divided by 7499.
5716
What is the remainder when 476222 is divided by 23?
7
What is the remainder when 611662 is divided by 266?
128
Calculate the remainder when 1475151 is divided by 42145.
76
What is the remainder when 1676631 is divided by 590?
441
What is the remainder when 340747403 is divided by 7528?
11
What is the remainder when 3676898 is divided by 919219?
22
Calculate the remainder when 152121 is divided by 1021.
1013
What is the remainder when 14049417 is divided by 220?
217
Calculate the remainder when 858897 is divided by 324.
297
What is the remainder when 1387537 is divided by 231250?
37
What is the remainder when 6345186 is divided by 1709?
1378
What is the remainder when 69642490 is divided by 352?
346
Calculate the remainder when 7905162 is divided by 23668.
50
What is the remainder when 546329 is divided by 546310?
19
Calculate the remainder when 10115970 is divided by 616.
18
What is the remainder when 7625817 is divided by 130?
17
Calculate the remainder when 2405774 is divided by 601442.
6
Calculate the remainder when 94106995 is divided by 89.
86
Calculate the remainder when 88037 is divided by 138.
131
What is the remainder when 6143 is divided by 5733?
410
What is the remainder when 16662283 is divided by 4666?
4663
What is the remainder when 18093043 is divided by 9?
1
What is the remainder when 5955 is divided by 690?
435
Calculate the remainder when 458447 is divided by 2745.
32
Calculate the remainder when 6238030 is divided by 2490.
580
Calculate the remainder when 192409 is divided by 776.
737
Calculate the remainder when 1667798 is divided by 102.
98
Calculate the remainder when 5573254 is divided by 1363.
1310
What is the remainder when 465321 is divided by 406?
45
Calculate the remainder when 92667 is divided by 970.
517
What is the remainder when 2686128 is divided by 2328?
1944
What is the remainder when 21212 is divided by 1781?
1621
What is the remainder when 554821 is divided by 138671?
137
Calculate the remainder when 170139 is divided by 660.
519
What is the remainder when 2981852 is divided by 49?
6
What is the remainder when 9925440 is divided by 23802?
6
What is the remainder when 12008765 is divided by 739?
15
What is the remainder when 43359274 is divided by 24?
10
Calculate the remainder when 24294190 is divided by 33463.
52
Calculate the remainder when 1758882 is divided by 586281.
39
What is the remainder when 2234773 is divided by 1117381?
11
Calculate the remainder when 111230641 is divided by 4449225.
16
What is the remainder when 112510484 is divided by 12501164?
8
What is the remainder when 21665342 is divided by 4033?
66
What is the remainder when 10064417 is divided by 324?
5
Calculate the remainder when 2224257 is divided by 41967.
6
Calculate the remainder when 603324 is divided by 54753.
1041
What is the remainder when 19893151 is divided by 1657762?
7
What is the remainder when 318737 is divided by 106242?
11
What is the remainder when 8821 is divided by 7819?
1002
What is the remainder when 363588 is divided by 727?
88
Calculate the remainder when 19078718 is divided by 3815743.
3
What is the remainder when 7210557 is divided by 2403517?
6
What is the remainder when 1592667456 is divided by 163?
161
What is the remainder when 37890267 is divided by 91?
51
What is the remainder when 4025136 is divided by 581?
549
Calculate the remainder when 73597910 is divided by 5.
0
What is the remainder when 795144 is divided by 554?
154
Calculate the remainder when 21702891 is divided by 50.
41
Calculate the remainder when 373317 is divided by 61881.
2031
Calculate the remainder when 46376960 is divided by 274.
268
What is the remainder when 286773 is divided by 1392?
21
Calculate the remainder when 147584 is divided by 516.
8
Calculate the remainder when 94546 is divided by 74.
48
Calculate the remainder when 13781 is divided by 1700.
181
Calculate the remainder when 5968430 is divided by 766.
524
What is the remainder when 397258 is divided by 44135?
43
Calculate the remainder when 597852 is divided by 45944.
580
Calculate the remainder when 94247 is divided by 1753.
1338
What is the remainder when 773042 is divided by 4685?
17
What is the remainder when 902293 is divided by 80?
53
What is the remainder when 896516 is divided by 465?
461
Calculate the remainder when 2612527 is divided by 1214.
1213
Calculate the remainder when 55733004 is divided by 1